*g + 5. Let i(v) = -v**2 + 6*v - 2. Let x(q) = 3*d(q) + 7*i(q). Calculate x(6).
1
Suppose 51 = 2*i + 159. Let b = -51 - i. Let g(k) be the second derivative of 2*k**3/3 - 2*k**2 + 3*k. Calculate g(b).
8
Let p(y) = y**2 - 2*y + 4. Let k(j) = -j**3 + 13*j**2 - 21*j - 7. Let c(n) = 2*n**2 + 3*n - 9. Let l be c(-4). Let a be k(l). Give p(a).
12
Suppose -d + 12 - 9 = 0. Let b(w) = -d - 2 + 3*w**2 - 2*w + 7 - w**3 + 0*w. What is b(2)?
2
Let d(z) be the third derivative of z**4/12 + 4*z**3/3 - 277*z**2. Suppose -17 - 7 = 4*o. What is d(o)?
-4
Let p(t) = 2576 + 2*t - 4*t - t**2 - 2577. Suppose -5*m = -0*m + 25. Calculate p(m).
-16
Let d(a) = -14*a**3 - 23*a**2 - 26*a - 26. Let l(m) = 5*m**3 + 8*m**2 + 9*m + 9. Let g(q) = 6*d(q) + 17*l(q). Let u be (96/15 - 7)*(1 + -6). Determine g(u).
-3
Let g(l) = -l + 1. Suppose -z - 4*a + 22 = 0, -5*z = -3*z - 3*a. Determine g(z).
-5
Let v be ((-5)/((-15)/(-6)))/2. Let y(c) = 21*c - 2. What is y(v)?
-23
Let k(u) = -u**3 - u - 1. Suppose 7*p = 2 + 12. Calculate k(p).
-11
Let d(m) = -m + 12. Let y be d(8). Suppose -y*k + 7 = -9. Suppose -w = k - 0. Let z(o) = -o**2 - 5*o - 1. Calculate z(w).
3
Let y(z) be the first derivative of -z**3/3 + 3*z**2/2 + 25*z - 61. Determine y(-4).
-3
Let g(y) = y**2 - 7*y. Let m be g(6). Suppose 6*q + 3*q - 135 = 0. Let b(u) = -u**3 + 11*u + u**2 - q*u - 7 + 8*u - 6*u**2. Give b(m).
5
Let p(s) = s**2 + 2*s + 1. Let j(b) = b**2 - 7*b + 1. Let n be j(7). Let h(x) = -2*x**2 + 4*x - 5. Let u be h(n). What is p(u)?
4
Let w be (-6)/4*(48/(-9) + 4). Let a(b) = 2*b + 12*b**w - 31*b**2 + 17*b**2 + 2. Give a(-2).
-10
Let j(t) = -12*t - 120. Let p be j(-10). Let s(q) = -q + 16. What is s(p)?
16
Let z(t) be the first derivative of -t**4/4 + 4*t**3/3 + 3*t**2/2 - 5*t + 37. Suppose -5*o + 0*o + 25 = 0. Determine z(o).
-15
Let b be 3/6*-1*0. Suppose -3 = o - b. Let v(m) be the first derivative of -m**4/4 - 2*m**3/3 + m**2/2 + 2*m - 6. Determine v(o).
8
Let x(j) = -7*j**3 + j. Let a be 5 + -4 - (-3 - -10). Let u be 2*((-33)/a)/(-11). Determine x(u).
6
Let a = 25 + -29. Let w(t) = 8*t + 1. Let q(r) = -5*r - 3. Let h(u) = -3*u - 2. Let x(o) = 7*h(o) - 5*q(o). Let z(y) = -2*w(y) + 5*x(y). Determine z(a).
-13
Let s(v) be the first derivative of -2*v**3/3 + v**2/2 + 2*v - 91. Suppose 5*p - 2*h + 20 = -4*h, -4*p - h = 13. Calculate s(p).
-8
Let o(n) be the first derivative of -n**2/2 - 4*n + 5. Let k be o(-7). Let v(j) = 3*j**3 - 20*j**2 + 6*j - 8 - 4*j**k + 2*j + 25*j**2. Calculate v(6).
4
Let k(f) be the third derivative of f**4/24 + f**3/2 + f**2. Let b(g) = 3*g**2 + 21*g - 137. Let l be b(-11). What is k(l)?
-2
Let p(r) = 33*r + 31*r + 2*r**2 + 0*r**2 - 2 - 3*r**3 - 63*r. Suppose 8 = -2*j + 3*i, -4*j - 5 = 2*i + 11. Let x(u) = -2*u - 6. Let s be x(j). What is p(s)?
-16
Let b(r) = r**3 + 2*r**2 - 5. Let x = -6 + 3. Let h(u) = -u**3 - u**2 + 4. Let q(w) = x*h(w) - 2*b(w). What is q(2)?
2
Suppose -2*z - 3*l = -24, 3*z + 4*l = -0*z + 34. Let r(s) = s**2 - 7*s. Let u be r(z). Let p(b) = -2*b - 6. Calculate p(u).
6
Let o(r) = -2*r**2 + 17*r - 1. Let g(n) = -n**2 + 8*n. Let b(k) = -5*g(k) + 2*o(k). Let y(v) be the first derivative of b(v). Give y(6).
6
Let f(n) be the first derivative of 18 + 7/3*n**3 - 1/4*n**4 + 0*n - 7/2*n**2. Calculate f(6).
-6
Let k(z) be the second derivative of -z**3/6 - 2*z**2 - 128*z - 1. Determine k(2).
-6
Let u(w) = 2*w**2 - 3*w**2 - 4 + w**3 - 3*w**2 + 5*w. Let i(s) = 2*s**3 - s + 14 - 3*s**3 + 2*s + 11*s**2 - 22. Let a be i(11). Determine u(a).
2
Suppose -4*x - 3*x - 14 = 0. Let c(s) = s - 17. Let w(q) = 1 + 8 + 0*q - q. Let v(a) = -6*c(a) - 11*w(a). What is v(x)?
-7
Let g(x) = -3*x**2 - 6*x + x**2 + x**2 + 1. Let i be -15*(-4)/12 + -1. Suppose 9 = -5*c - i*z, 3*c + 4*z = c + 6. Give g(c).
6
Suppose -9 = -4*v - 21, 0 = 4*b + 4*v + 32. Let l(y) = -y**3 - 7*y**2 - 4*y - 7. Give l(b).
-37
Let l(d) = -d**3 - 5*d**2 + 6*d - 2. Let x = -2856 + 2849. Determine l(x).
54
Suppose -5*j = -3*f, 4*j + 0*j + 4*f = -32. Let x be (-4)/(-10)*(5 + 0). Let l(a) = -3 - a**x + 1 - 4 + 5. Calculate l(j).
-10
Let h = -126 - -75. Let y = h + 46. Let z(m) = m + 2. What is z(y)?
-3
Let p(z) = -z**3 - 12*z**2 - 10. Let u be ((-8)/(-10))/(((-14)/(-15))/(-14)). Determine p(u).
-10
Let l = 11 + -7. Let v be (2 - (-18)/(-8))*-8. Let i(f) = f**3 + 2 + 3*f**2 - f - 6*f**v - f**2 + 0. Determine i(l).
-2
Suppose 3*t = -4*f - 7, 10*f - 6 = 12*f + 2*t. Let d(u) = -u**2 + 4*u. Give d(f).
4
Let w(j) = 2*j + 3. Let q be 0/((-8)/(-2)) - -15. Let h be (-13)/(-3) + 10/q. Suppose 5 = 5*b - h, -5*s + 2*b = 14. Give w(s).
-1
Let u(j) = -2*j + 11. Suppose -4*h - 12 = 0, 158*h - 15 = -w + 160*h. What is u(w)?
-7
Let i(v) be the third derivative of v**4/12 - 29*v**3/6 - 174*v**2. Give i(14).
-1
Let w be -2 + 13 - (2 + 2). Suppose -w = 5*l + 13. Let c(r) = r - 4. Calculate c(l).
-8
Let b(f) = f**3 - f**2 - 4*f. Let l be (3 + 0 + -1)/(-13 - -12). Determine b(l).
-4
Let s(r) be the second derivative of -r**4/12 - 7*r**3/6 - 2*r**2 + 34*r. Suppose -1 = 3*j + 4*b, -b = 4*j + 4*b + 1. Let k = -2 - j. What is s(k)?
8
Let h(p) = 2*p**3 - 21*p**2 + 9*p + 4. Suppose 46 = -25*l + 296. Give h(l).
-6
Let f(p) = 2*p + 6 + 5*p + 3*p**2 - p**3 + 10*p - 16*p. Determine f(4).
-6
Let l = -8 + 2. Let p = l - -10. Suppose -2*z - 19 = -5*a, -5 - 9 = -p*a + 2*z. Let m(w) = w**2 - 4*w - 4. Give m(a).
1
Let u = -254 - -251. Let v(q) = 10*q - 1. Calculate v(u).
-31
Let w(n) = -n + 13. Let j be w(9). Suppose -3*s - 3*l + 6 = 0, 5*l + 26 = j*s - 0*l. Let r(f) = 5*f - 11*f**3 + 16*f**3 - 6*f**3 + 3*f**2 - 6. Determine r(s).
-2
Let r(g) = -7*g**2 - 2*g - 2. Suppose h + 5*s = 3*h + 19, 4*s = 2*h + 16. Determine r(h).
-26
Let s(f) = -f**2 - 7*f - 9. Let v = -2298 - -2292. Calculate s(v).
-3
Suppose p - 2*p + 8 = 2*q, 3*p = 4*q + 14. Let j(u) = -10*u**2 - 6*u + p*u - u. Let o(v) = v**2 + 4*v - 1. Let w be o(-4). Give j(w).
-9
Let b(v) = -7 - 6*v + v**2 + 3 + 3. Let g = 240 + -233. Calculate b(g).
6
Let l = 74 - 12. Let d = l - 65. Let k(i) = 3*i**2 + 4*i + 2. Determine k(d).
17
Let i(s) = -2*s**2 + 2*s + 1. Let l(j) = -j**3 - 3*j**2 + 3*j + 8. Let o be l(-3). Determine i(o).
-3
Suppose -2*a + 3 = -2*n + n, 2 = a - n. Suppose 0 = l + 4*b + 22, -l + b - a + 4 = 0. Let k(w) = 2 + 5*w + 4 - 3. What is k(l)?
-7
Let p(a) = 3*a**2 - 7 + a**3 - 13*a + 6*a + 0*a**2. Determine p(-5).
-22
Let m(i) = -i**3 - 9*i**2 - 7*i + 4. Suppose 0 = 10*l + 829 + 561. Let x = -147 - l. Give m(x).
-4
Suppose 0*u + 24 = -4*u. Let h(t) = t**2 + 10*t + 8. Give h(u).
-16
Let v(l) = l**3 + 3 - 2 + 10*l**2 + 1 - 9*l - l**2 + 1. Determine v(-10).
-7
Let i(w) be the first derivative of -w**2/2 - 7*w - 123. What is i(-8)?
1
Let d(n) = -2*n**3 - n**2 - n + 2. Suppose a + 3*a = -2*k + 66, 0 = -2*k + 4*a + 34. Suppose -5*y + k - 5 = 5*i, 5*y - 12 = -i. Determine d(i).
-20
Let k = 236 + -235. Let g(l) = 7*l**3 - l**2 - l + 1. Calculate g(k).
6
Suppose 2*u = -u + 6. Let h(v) = 31*v + 0*v**2 - 34*v + 2*v**2. Give h(u).
2
Let k be 2/(-6) + (-2)/(-6). Suppose -g + 2 + k = 0. Let y(l) = 2*l - g*l**2 + 0 + 2 - 3*l. Determine y(-2).
-4
Let o(c) be the second derivative of c + 1/6*c**3 - 1/2*c**2 + 1/12*c**4 + 0. Calculate o(1).
1
Let a(n) = -n - 19. Let j be 6*(-27)/(-24)*84/63. Calculate a(j).
-28
Suppose -5*l + 13 + 9 = -4*q, 3*l = -2*q. Let b(v) = 2*v**3 + v. Calculate b(q).
-57
Suppose -5*w - 18 = -2*h, 9*w + 3*h = 11*w + 16. Let r(t) = -2*t**2 + 3 - 4 + 0. Calculate r(w).
-9
Let n(f) = -4*f**2 + 3*f + 2. Suppose -114*w + 118*w - 12 = 0. What is n(w)?
-25
Suppose 5*a - 4 = -12*o + 10*o, 4*o = -2*a + 8. Let s(h) = h**3 - 2*h + 6. What is s(a)?
6
Suppose x - 8 = i - 2, 0 = i + x + 4. Let w(r) be the second derivative of 0 - 2/3*r**3 - 33*r - 1/2*r**4 - 1/20*r**5 + 3/2*r**2. Determine w(i).
-2
Suppose -2 = 4*h + 2*n - 20, 2*h - 5*n = -21. Let k(i) = -18*i + 6*i + 6*i**h + i**3 - 6 + 10*i. What is k(-6)?
6
Suppose -3*l + 4*z + 19 = 0, 3 = 2*l + 4*z - 3. Suppose l*x = -23 - 7. Let q = x + 5. Let y(r) = r**3 + 2*r**2 + 2*r + 1. What is y(q)?
0
Let c = 38 + -33. Suppose c*h - 4*m + 5*m + 1 = 0, -4*m - 4 = h. Let n(w) = -w. What is n(h)?
0
Let t(r) = 2 - 145648*r + 1 + 145647*r. Suppose -4 = x - 5*x - 4*m, 0 = 2*x + 3*m + 2. Suppose 5*d + 0 = 2*l - 17, -x = 5*d. What is t(l)?
-3
Let c(m) = -21*m - 28 + 25*m